te the remainder when 24416 is divided by 872.
0
What is the remainder when 10489 is divided by 2588?
137
What is the remainder when 125724 is divided by 69?
6
What is the remainder when 51833 is divided by 37?
33
Calculate the remainder when 847 is divided by 293.
261
Calculate the remainder when 20698 is divided by 4139.
3
What is the remainder when 36077 is divided by 98?
13
Calculate the remainder when 288000 is divided by 1134.
1098
What is the remainder when 100945 is divided by 304?
17
Calculate the remainder when 32143 is divided by 3571.
4
What is the remainder when 930951 is divided by 34?
31
What is the remainder when 35509 is divided by 8876?
5
Calculate the remainder when 2727 is divided by 123.
21
Calculate the remainder when 160358 is divided by 17.
14
Calculate the remainder when 416 is divided by 369.
47
What is the remainder when 17728 is divided by 70?
18
What is the remainder when 140600 is divided by 369?
11
What is the remainder when 398808 is divided by 204?
192
What is the remainder when 16272 is divided by 81?
72
What is the remainder when 443778 is divided by 442?
10
Calculate the remainder when 6784 is divided by 1815.
1339
What is the remainder when 976700 is divided by 12?
8
Calculate the remainder when 1151742 is divided by 88.
86
Calculate the remainder when 2108 is divided by 165.
128
What is the remainder when 24343 is divided by 2028?
7
Calculate the remainder when 183673 is divided by 25.
23
Calculate the remainder when 7208 is divided by 35.
33
Calculate the remainder when 37981 is divided by 46.
31
Calculate the remainder when 422979 is divided by 189.
186
Calculate the remainder when 2182 is divided by 2054.
128
Calculate the remainder when 189375 is divided by 327.
42
What is the remainder when 26344 is divided by 63?
10
Calculate the remainder when 37405 is divided by 37.
35
What is the remainder when 25795 is divided by 992?
3
Calculate the remainder when 8354 is divided by 1193.
3
What is the remainder when 120077 is divided by 23?
17
Calculate the remainder when 2316 is divided by 484.
380
Calculate the remainder when 5091525 is divided by 1429.
1427
What is the remainder when 8477 is divided by 1968?
605
What is the remainder when 174627 is divided by 10907?
115
What is the remainder when 45933 is divided by 1701?
6
Calculate the remainder when 23505 is divided by 511.
510
Calculate the remainder when 109089 is divided by 59.
57
What is the remainder when 79643 is divided by 70?
53
What is the remainder when 896 is divided by 74?
8
Calculate the remainder when 1502909 is divided by 52.
5
What is the remainder when 18703 is divided by 668?
667
Calculate the remainder when 142 is divided by 45.
7
Calculate the remainder when 5193 is divided by 236.
1
Calculate the remainder when 80474 is divided by 3832.
2
What is the remainder when 4126 is divided by 51?
46
Calculate the remainder when 2703 is divided by 56.
15
What is the remainder when 377 is divided by 181?
15
Calculate the remainder when 3076 is divided by 3034.
42
Calculate the remainder when 990746 is divided by 46.
44
What is the remainder when 20878 is divided by 2981?
11
What is the remainder when 927 is divided by 120?
87
Calculate the remainder when 1930 is divided by 1082.
848
Calculate the remainder when 157295 is divided by 44.
39
What is the remainder when 26923 is divided by 210?
43
What is the remainder when 4706351 is divided by 1288?
1287
Calculate the remainder when 8762 is divided by 798.
782
Calculate the remainder when 2280 is divided by 1113.
54
What is the remainder when 18909 is divided by 9452?
5
Calculate the remainder when 155360 is divided by 11097.
2
Calculate the remainder when 19458 is divided by 65.
23
What is the remainder when 1993 is divided by 989?
15
What is the remainder when 5194 is divided by 5096?
98
Calculate the remainder when 69910 is divided by 341.
5
Calculate the remainder when 24707 is divided by 333.
65
What is the remainder when 1445332 is divided by 718?
716
What is the remainder when 2822 is divided by 981?
860
Calculate the remainder when 37295 is divided by 218.
17
Calculate the remainder when 776650 is divided by 257.
253
Calculate the remainder when 15659 is divided by 1772.
1483
Calculate the remainder when 49535 is divided by 47.
44
Calculate the remainder when 7203 is divided by 72.
3
Calculate the remainder when 20407 is divided by 104.
23
What is the remainder when 1087 is divided by 99?
97
What is the remainder when 5539 is divided by 149?
26
Calculate the remainder when 77699 is divided by 72.
11
What is the remainder when 362449 is divided by 22?
21
Calculate the remainder when 27207 is divided by 2227.
483
Calculate the remainder when 36113 is divided by 216.
41
Calculate the remainder when 1857319 is divided by 26.
9
Calculate the remainder when 983 is divided by 548.
435
What is the remainder when 24114 is divided by 1510?
1464
What is the remainder when 32320 is divided by 16158?
4
Calculate the remainder when 178809 is divided by 144.
105
What is the remainder when 17834 is divided by 3566?
4
Calculate the remainder when 42028 is divided by 5.
3
What is the remainder when 23875 is divided by 7804?
463
What is the remainder when 5792 is divided by 203?
108
What is the remainder when 809 is divided by 109?
46
Calculate the remainder when 9167 is divided by 1575.
1292
What is the remainder when 201066 is divided by 282?
0
What is the remainder when 169 is divided by 96?
73
Calculate the remainder when 793 is divided by 318.
157
What is the remainder when 9281 is divided by 172?
165
What is the remainder when 3052 is divided by 203?
7
Calculate the remainder when 102744 is divided by 166.
156
Calculate the remainder when 2753 is divided by 343.
9
What is the remainder when 195359 is divided by 23?
20
What is the remainder when 571408 is divided by 42?
40
Calculate the remainder when 3728 is divided by 314.
274
What is the remainder when 1456 is divided by 165?
136
What is the remainder when 306847 is divided by 484?
475
What is the remainder when 20891 is divided by 3434?
287
Calculate the remainder when 5480623 is divided by 25.
23
Calculate the remainder when 113679 is divided by 116.
115
Calculate the remainder when 2235 is divided by 102.
93
Calculate the remainder when 33834 is divided by 49.
24
What is the remainder when 9026 is divided by 185?
146
What is the remainder when 77311 is divided by 64?
63
What is the remainder when 3254 is divided by 508?
206
Calculate the remainder when 1336 is divided by 1129.
207
Calculate the remainder when 81205 is divided by 576.
565
What is the remainder when 2039374 is divided by 24?
22
Calculate the remainder when 11839 is divided by 51.
7
What is the remainder when 21375 is divided by 44?
35
What is the remainder when 1797 is divided by 79?
59
What is the remainder when 30517 is divided by 45?
7
What is the remainder when 362 is divided by 243?
119
What is the remainder when 64213 is divided by 434?
415
What is the remainder when 89453 is divided by 951?
59
Calculate the remainder when 462010 is divided by 639.
13
Calculate the remainder when 24110 is divided by 1849.
73
What is the remainder when 4736 is divided by 222?
74
Calculate the remainder when 22067013 is divided by 534.
531
What is the remainder when 90617 is divided by 7550?
17
Calculate the remainder when 4048 is divided by 3977.
71
Calculate the remainder when 139262 is divided by 16.
14
Calculate the remainder when 454035 is divided by 78.
75
Calculate the remainder when 5072 is divided by 49.
25
Calculate the remainder when 185808 is divided by 164.
160
What is the remainder when 3639874 is divided by 1819937?
0
Calculate the remainder when 473399 is divided by 117.
17
Calculate the remainder when 10631 is divided by 1627.
869
Calculate the remainder when 7909 is divided by 28.
13
What is the remainder when 35083 is divided by 11546?
445
Calculate the remainder when 665 is divided by 489.
176
What is the remainder when 20839 is divided by 766?
157
Calculate the remainder when 13339 is divided by 605.
29
What is the remainder when 1809 is divided by 1807?
2
What is the remainder when 1026 is divided by 1017?
9
Calculate the remainder when 31825 is divided by 308.
101
What